{"id":976,"date":"2024-04-06T21:03:55","date_gmt":"2024-04-06T19:03:55","guid":{"rendered":"http:\/\/couven.motionandstrategy.de\/?p=976"},"modified":"2026-02-17T03:56:37","modified_gmt":"2026-02-17T02:56:37","slug":"bewegte-buehne","status":"publish","type":"profil","link":"https:\/\/www.couven-gymnasium.de\/wordpress2\/profil\/bewegte-buehne\/","title":{"rendered":"Bewegte B\u00fchne"},"content":{"rendered":"\n<figure class=\"wp-block-image\"><img decoding=\"async\" src=\"https:\/\/www.couven-gymnasium.de\/wordpress\/wp-content\/uploads\/2014\/11\/BB-Logo-300x66.jpg\" alt=\"BB-Logo\" class=\"wp-image-12336\"\/><\/figure>\n\n\n\n<p style=\"font-size:17px\">Die\u202f<em>Bewegte B\u00fchne<\/em>\u202fbereichert seit dem Schuljahr 2010\/11 das Schulleben am Couven. Sie versteht sich als ein projektartiges, klassen\u00fcbergreifendes Arbeiten f\u00fcr alle Sch\u00fclerinnen und Sch\u00fcler der Jahrgangsstufe 5 und 6.&nbsp;<\/p>\n\n\n\n<figure class=\"wp-block-image size-large\"><img fetchpriority=\"high\" decoding=\"async\" width=\"1024\" height=\"678\" src=\"https:\/\/www.couven-gymnasium.de\/wordpress2\/wp-content\/uploads\/2024\/04\/BB2-1024x678.jpg\" alt=\"\" class=\"wp-image-1737\" srcset=\"https:\/\/www.couven-gymnasium.de\/wordpress2\/wp-content\/uploads\/2024\/04\/BB2-1024x678.jpg 1024w, https:\/\/www.couven-gymnasium.de\/wordpress2\/wp-content\/uploads\/2024\/04\/BB2-300x199.jpg 300w, https:\/\/www.couven-gymnasium.de\/wordpress2\/wp-content\/uploads\/2024\/04\/BB2-768x509.jpg 768w, https:\/\/www.couven-gymnasium.de\/wordpress2\/wp-content\/uploads\/2024\/04\/BB2-1536x1017.jpg 1536w, https:\/\/www.couven-gymnasium.de\/wordpress2\/wp-content\/uploads\/2024\/04\/BB2.jpg 1890w\" sizes=\"(max-width: 1024px) 100vw, 1024px\" \/><\/figure>\n\n\n\n<p style=\"font-size:17px\">&nbsp;Jedes Jahr verbindet die\u202f<em>Bewegte B\u00fchne<\/em>\u202fvorrangig die F\u00e4cher Kunst, Sport, Deutsch und Musik, erg\u00e4nzt durch Projektarbeit in den Bereichen Technik, \u00d6ffentlichkeitsarbeit, Tanzen oder Kost\u00fcm\/Maske.&nbsp;&nbsp;<\/p>\n\n\n\n<p>In der 5. Klasse lesen alle Kinder im Fach Deutsch ein Jugendbuch, das die Grundlage bildet. Anschlie\u00dfend wird ein Skript geschrieben. Dadurch wird ein intensives klassen- und f\u00e4cher\u00fcbergreifendes Arbeiten im Rahmen einer Projektwoche im 1. Halbjahr der 6. Klasse vorbereitet. Das Unterrichtsprojekt findet seinen Abschluss in Form einer Inszenierung zur gew\u00e4hlten Lekt\u00fcre.<\/p>\n\n\n\n<p>Das Vorhaben ist produkt- und prozessorientiert. Die Kinder setzen sich auf vielf\u00e4ltige Weise mit dem gew\u00e4hlten Thema im zeichnerisch-bildnerischen, schriftstellerischen, musikalischen und k\u00f6rpersprachlichen Bereich auseinander. In diesem Prozess stehen kooperatives Arbeiten, ganzheitliche und kreative F\u00f6rderung sowie das Wecken verschiedener Talente im Vordergrund.&nbsp;&nbsp;<\/p>\n\n\n\n<p>Neben den fachspezifischen Kompetenzen, die den Kindern vermittelt wird, werden durch diese Form des ganzheitlichen und kooperativen Unterrichts Kernkompetenzen wie&nbsp;<\/p>\n\n\n\n<ul class=\"wp-block-list\">\n<li>positive Selbstdarstellung<\/li>\n\n\n\n<li>konstruktiver Umgang mit Misserfolgen<\/li>\n\n\n\n<li>Kritikf\u00e4higkeit<\/li>\n\n\n\n<li>Pr\u00e4sentationskompetenz<\/li>\n\n\n\n<li>Kooperationsf\u00e4higkeit<\/li>\n\n\n\n<li>Konzentrationsf\u00e4higkeit gest\u00e4rkt.<\/li>\n<\/ul>\n\n\n\n<p style=\"font-size:17px\"><\/p>\n\n\n\n<figure class=\"wp-block-image size-large\"><img decoding=\"async\" width=\"768\" height=\"1024\" src=\"https:\/\/www.couven-gymnasium.de\/wordpress2\/wp-content\/uploads\/2024\/04\/bb3-768x1024.png\" alt=\"\" class=\"wp-image-1738\" srcset=\"https:\/\/www.couven-gymnasium.de\/wordpress2\/wp-content\/uploads\/2024\/04\/bb3-768x1024.png 768w, https:\/\/www.couven-gymnasium.de\/wordpress2\/wp-content\/uploads\/2024\/04\/bb3-225x300.png 225w, https:\/\/www.couven-gymnasium.de\/wordpress2\/wp-content\/uploads\/2024\/04\/bb3.png 843w\" sizes=\"(max-width: 768px) 100vw, 768px\" \/><\/figure>\n\n\n\n<p style=\"font-size:17px\">Erfolgserlebnisse und Freude motivieren die Kinder zu intensivem Arbeiten und schaffen so in der Erprobungsstufe eine tragf\u00e4hige Basis f\u00fcr freudvolles Lernen in ihrer\u202fweiteren Schullaufbahn. Das Projekt f\u00f6rdert im besonderem Ma\u00dfe die Selbst\u00e4ndigkeit und sozialen Kompetenzen der Sch\u00fclerinnen und Sch\u00fcler.&nbsp;&nbsp;<\/p>\n\n\n\n<p>Die Bewegte B\u00fchne erm\u00f6glicht uns weiterhin<\/p>\n\n\n\n<ul class=\"wp-block-list\">\n<li>Talente zu wecken<\/li>\n\n\n\n<li>das Selbstkonzept zu st\u00e4rken<\/li>\n\n\n\n<li>Pr\u00e4sentationskompetenz zu vermitteln und zu schulen<\/li>\n\n\n\n<li>kooperatives, prozessorientiertes und produktorientiertes Lernen zu f\u00f6rdern<\/li>\n\n\n\n<li>ganzheitliche Gesundheitsf\u00f6rderung zu betreiben und<\/li>\n\n\n\n<li>das Gemeinschaftsgef\u00fchl zu st\u00e4rken.<\/li>\n<\/ul>\n\n\n\n<p><\/p>\n\n\n\n<p>Im Rahmen der\u202f<em>Bewegten B\u00fchne<\/em>\u202fk\u00f6nnen wir uns \u00fcber eine intensive Zusammenarbeit mit dem\u202f<strong>LUFO<\/strong>, der\u202f<strong>Bleiberger Fabrik<\/strong>, dem\u202f<strong>Stadttheater<\/strong>\u202fin Aachen und der\u202f<strong>St\u00e4dteregion Aachen<\/strong>\u202ffreuen.&nbsp;&nbsp;<\/p>\n\n\n\n<p style=\"font-size:17px\">Als Ansprechpartnerinnen stehen Ihnen Frau Stephanie Seidenberg (<a href=\"mailto:seid@couven.de\" target=\"_blank\" rel=\"noreferrer noopener\">seid@couven.de<\/a>)&nbsp; und Frau Lisa Hungenbach (<a href=\"mailto:hung@couven.de\" target=\"_blank\" rel=\"noreferrer noopener\">hung@couven.de<\/a>) zur Verf\u00fcgung.&nbsp;<\/p>\n\n\n\n<figure class=\"wp-block-image\"><img decoding=\"async\" src=\"https:\/\/www.couven-gymnasium.de\/wordpress\/wp-content\/uploads\/2020\/01\/Logo_Landesregierung_NRW1-2-300x83.jpg\" alt=\"\" class=\"wp-image-24505\"\/><\/figure>\n\n\n\n<figure class=\"wp-block-image\"><img decoding=\"async\" src=\"https:\/\/www.couven-gymnasium.de\/wordpress\/wp-content\/uploads\/2020\/01\/StaedteReg_AC_RGB-300x153.jpg\" alt=\"\" class=\"wp-image-24504\"\/><\/figure>\n","protected":false},"featured_media":2079,"template":"","class_list":["post-976","profil","type-profil","status-publish","has-post-thumbnail","hentry"],"acf":[],"uagb_featured_image_src":{"full":["https:\/\/www.couven-gymnasium.de\/wordpress2\/wp-content\/uploads\/2024\/05\/Bewegte-Buhne.jpg",600,424,false],"thumbnail":["https:\/\/www.couven-gymnasium.de\/wordpress2\/wp-content\/uploads\/2024\/05\/Bewegte-Buhne-150x150.jpg",150,150,true],"medium":["https:\/\/www.couven-gymnasium.de\/wordpress2\/wp-content\/uploads\/2024\/05\/Bewegte-Buhne-300x212.jpg",300,212,true],"medium_large":["https:\/\/www.couven-gymnasium.de\/wordpress2\/wp-content\/uploads\/2024\/05\/Bewegte-Buhne.jpg",600,424,false],"large":["https:\/\/www.couven-gymnasium.de\/wordpress2\/wp-content\/uploads\/2024\/05\/Bewegte-Buhne.jpg",600,424,false],"1536x1536":["https:\/\/www.couven-gymnasium.de\/wordpress2\/wp-content\/uploads\/2024\/05\/Bewegte-Buhne.jpg",600,424,false],"2048x2048":["https:\/\/www.couven-gymnasium.de\/wordpress2\/wp-content\/uploads\/2024\/05\/Bewegte-Buhne.jpg",600,424,false]},"uagb_author_info":{"display_name":"couvenlehrer-editor","author_link":"https:\/\/www.couven-gymnasium.de\/wordpress2\/author\/"},"uagb_comment_info":0,"uagb_excerpt":"Die\u202fBewegte B\u00fchne\u202fbereichert seit dem Schuljahr 2010\/11 das Schulleben am Couven. Sie versteht sich als ein projektartiges, klassen\u00fcbergreifendes Arbeiten f\u00fcr alle Sch\u00fclerinnen und Sch\u00fcler der Jahrgangsstufe 5 und 6.&nbsp; &nbsp;Jedes Jahr [&hellip;]","publishpress_future_workflow_manual_trigger":{"enabledWorkflows":[]},"_links":{"self":[{"href":"https:\/\/www.couven-gymnasium.de\/wordpress2\/wp-json\/wp\/v2\/profil\/976","targetHints":{"allow":["GET"]}}],"collection":[{"href":"https:\/\/www.couven-gymnasium.de\/wordpress2\/wp-json\/wp\/v2\/profil"}],"about":[{"href":"https:\/\/www.couven-gymnasium.de\/wordpress2\/wp-json\/wp\/v2\/types\/profil"}],"wp:featuredmedia":[{"embeddable":true,"href":"https:\/\/www.couven-gymnasium.de\/wordpress2\/wp-json\/wp\/v2\/media\/2079"}],"wp:attachment":[{"href":"https:\/\/www.couven-gymnasium.de\/wordpress2\/wp-json\/wp\/v2\/media?parent=976"}],"curies":[{"name":"wp","href":"https:\/\/api.w.org\/{rel}","templated":true}]}}

Bewegte Bühne

<figure class="wp-block-image"><img decoding="async" src="https://www.couven-gymnasium.de/wordpress/wp-content/uploads/2014/11/BB-Logo-300x66.jpg" alt="BB-Logo" class="wp-image-12336"/></figure>



<p style="font-size:17px">Die <em>Bewegte Bühne</em> bereichert seit dem Schuljahr 2010/11 das Schulleben am Couven. Sie versteht sich als ein projektartiges, klassenübergreifendes Arbeiten für alle Schülerinnen und Schüler der Jahrgangsstufe 5 und 6.&nbsp;</p>



<figure class="wp-block-image size-large"><img fetchpriority="high" decoding="async" width="1024" height="678" src="https://www.couven-gymnasium.de/wordpress2/wp-content/uploads/2024/04/BB2-1024x678.jpg" alt="" class="wp-image-1737" srcset="https://www.couven-gymnasium.de/wordpress2/wp-content/uploads/2024/04/BB2-1024x678.jpg 1024w, https://www.couven-gymnasium.de/wordpress2/wp-content/uploads/2024/04/BB2-300x199.jpg 300w, https://www.couven-gymnasium.de/wordpress2/wp-content/uploads/2024/04/BB2-768x509.jpg 768w, https://www.couven-gymnasium.de/wordpress2/wp-content/uploads/2024/04/BB2-1536x1017.jpg 1536w, https://www.couven-gymnasium.de/wordpress2/wp-content/uploads/2024/04/BB2.jpg 1890w" sizes="(max-width: 1024px) 100vw, 1024px" /></figure>



<p style="font-size:17px">&nbsp;Jedes Jahr verbindet die <em>Bewegte Bühne</em> vorrangig die Fächer Kunst, Sport, Deutsch und Musik, ergänzt durch Projektarbeit in den Bereichen Technik, Öffentlichkeitsarbeit, Tanzen oder Kostüm/Maske.&nbsp;&nbsp;</p>



<p>In der 5. Klasse lesen alle Kinder im Fach Deutsch ein Jugendbuch, das die Grundlage bildet. Anschließend wird ein Skript geschrieben. Dadurch wird ein intensives klassen- und fächerübergreifendes Arbeiten im Rahmen einer Projektwoche im 1. Halbjahr der 6. Klasse vorbereitet. Das Unterrichtsprojekt findet seinen Abschluss in Form einer Inszenierung zur gewählten Lektüre.</p>



<p>Das Vorhaben ist produkt- und prozessorientiert. Die Kinder setzen sich auf vielfältige Weise mit dem gewählten Thema im zeichnerisch-bildnerischen, schriftstellerischen, musikalischen und körpersprachlichen Bereich auseinander. In diesem Prozess stehen kooperatives Arbeiten, ganzheitliche und kreative Förderung sowie das Wecken verschiedener Talente im Vordergrund.&nbsp;&nbsp;</p>



<p>Neben den fachspezifischen Kompetenzen, die den Kindern vermittelt wird, werden durch diese Form des ganzheitlichen und kooperativen Unterrichts Kernkompetenzen wie&nbsp;</p>



<ul class="wp-block-list">
<li>positive Selbstdarstellung</li>



<li>konstruktiver Umgang mit Misserfolgen</li>



<li>Kritikfähigkeit</li>



<li>Präsentationskompetenz</li>



<li>Kooperationsfähigkeit</li>



<li>Konzentrationsfähigkeit gestärkt.</li>
</ul>



<p style="font-size:17px"></p>



<figure class="wp-block-image size-large"><img decoding="async" width="768" height="1024" src="https://www.couven-gymnasium.de/wordpress2/wp-content/uploads/2024/04/bb3-768x1024.png" alt="" class="wp-image-1738" srcset="https://www.couven-gymnasium.de/wordpress2/wp-content/uploads/2024/04/bb3-768x1024.png 768w, https://www.couven-gymnasium.de/wordpress2/wp-content/uploads/2024/04/bb3-225x300.png 225w, https://www.couven-gymnasium.de/wordpress2/wp-content/uploads/2024/04/bb3.png 843w" sizes="(max-width: 768px) 100vw, 768px" /></figure>



<p style="font-size:17px">Erfolgserlebnisse und Freude motivieren die Kinder zu intensivem Arbeiten und schaffen so in der Erprobungsstufe eine tragfähige Basis für freudvolles Lernen in ihrer weiteren Schullaufbahn. Das Projekt fördert im besonderem Maße die Selbständigkeit und sozialen Kompetenzen der Schülerinnen und Schüler.&nbsp;&nbsp;</p>



<p>Die Bewegte Bühne ermöglicht uns weiterhin</p>



<ul class="wp-block-list">
<li>Talente zu wecken</li>



<li>das Selbstkonzept zu stärken</li>



<li>Präsentationskompetenz zu vermitteln und zu schulen</li>



<li>kooperatives, prozessorientiertes und produktorientiertes Lernen zu fördern</li>



<li>ganzheitliche Gesundheitsförderung zu betreiben und</li>



<li>das Gemeinschaftsgefühl zu stärken.</li>
</ul>



<p></p>



<p>Im Rahmen der <em>Bewegten Bühne</em> können wir uns über eine intensive Zusammenarbeit mit dem <strong>LUFO</strong>, der <strong>Bleiberger Fabrik</strong>, dem <strong>Stadttheater</strong> in Aachen und der <strong>Städteregion Aachen</strong> freuen.&nbsp;&nbsp;</p>



<p style="font-size:17px">Als Ansprechpartnerinnen stehen Ihnen Frau Stephanie Seidenberg (<a href="mailto:seid@couven.de" target="_blank" rel="noreferrer noopener">seid@couven.de</a>)&nbsp; und Frau Lisa Hungenbach (<a href="mailto:hung@couven.de" target="_blank" rel="noreferrer noopener">hung@couven.de</a>) zur Verfügung.&nbsp;</p>



<figure class="wp-block-image"><img decoding="async" src="https://www.couven-gymnasium.de/wordpress/wp-content/uploads/2020/01/Logo_Landesregierung_NRW1-2-300x83.jpg" alt="" class="wp-image-24505"/></figure>



<figure class="wp-block-image"><img decoding="async" src="https://www.couven-gymnasium.de/wordpress/wp-content/uploads/2020/01/StaedteReg_AC_RGB-300x153.jpg" alt="" class="wp-image-24504"/></figure>

Die Bewegte Bühne bereichert seit dem Schuljahr 2010/11 das Schulleben am Couven. Sie versteht sich als ein projektartiges, klassenübergreifendes Arbeiten für alle Schülerinnen und Schüler der Jahrgangsstufe 5 und 6.&nbsp; &nbsp;Jedes Jahr [&hellip;]
