{"id":1232,"date":"2024-05-05T09:44:26","date_gmt":"2024-05-05T07:44:26","guid":{"rendered":"http:\/\/couven.motionandstrategy.de\/?p=1232"},"modified":"2026-02-17T03:48:27","modified_gmt":"2026-02-17T02:48:27","slug":"mediengestuetztes-lernen-und-medienerziehung","status":"publish","type":"profil","link":"https:\/\/www.couven-gymnasium.de\/wordpress2\/profil\/mediengestuetztes-lernen-und-medienerziehung\/","title":{"rendered":"Mediengest\u00fctztes Lernen und Medienerziehung"},"content":{"rendered":"\n<p style=\"font-size:17px\">Die Nutzung moderner Medien bekommt in der Welt, in der unsere Kinder leben und auf die wir sie bestm\u00f6glichst vorbereiten wollen, eine immer gr\u00f6\u00dfere Bedeutung. Richtet man als Bildungsinstitution hierbei das besondere Augenmerk auf die M\u00f6glichkeiten, die sich in Bezug auf den Bildungsbegriff ergeben und das individuelle Lernen gestalten helfen k\u00f6nnen, so ist man gezwungen, sich mit dem sinnvollen Einsatz von Computern und des Internets und damit Stichw\u00f6rtern wie Sozialen Netzwerken, Blogs, Podcasts etc. (u.a. im Kontext des Lernens) auseinander zu setzen. Dahingehend ist unserer Schule besonders wichtig,<\/p>\n\n\n\n<ol class=\"wp-block-list\">\n<li style=\"font-size:17px\">ein individuelleres Lernen, Wiederholen und F\u00f6rdern durch den Einsatz moderner Medien zu erm\u00f6glichen,<\/li>\n\n\n\n<li style=\"font-size:17px\">die kreative und produktorientierte Auseinandersetzung mit Inhalten zu fordern und zu f\u00f6rdern,<\/li>\n\n\n\n<li style=\"font-size:17px\">das Internet mit seinen M\u00f6glichkeiten kennen zu lernen und kritisch hinterfragen zu k\u00f6nnen,<\/li>\n\n\n\n<li style=\"font-size:17px\">einen m\u00fcndigen Umgang mit den M\u00f6glichkeiten moderner Medien zu erm\u00f6glichen und<\/li>\n\n\n\n<li style=\"font-size:17px\">die inhaltlichen und sozialen Kompetenzen der SuS unter einander zu f\u00f6rdern und auszubauen.<\/li>\n<\/ol>\n\n\n\n<p><\/p>\n\n\n\n<p style=\"font-size:17px\">Um diese Ziele zu erreichen, st\u00fctzen wir uns u.a. auf <strong>folgende Angebote<\/strong>:<\/p>\n\n\n\n<ol class=\"wp-block-list\">\n<li style=\"font-size:17px\">Das Fach <strong>Informatik<\/strong> in den Klassen 5-7 als verbindliches Unterrichtsfach f\u00fcr alle SuS gem\u00e4\u00df eines gesonderten Curriculums;<\/li>\n\n\n\n<li style=\"font-size:17px\">Den Einsatz moderner Medien und der erlernten Kompetenzen in allen F\u00e4chern. Dabei st\u00fctzen wir uns auf den&nbsp;<strong>Medienkompetenzrahmen NRW,&nbsp;<\/strong>der in alle curricularen Vorgaben der einzelnen F\u00e4cher Einzug gehalten hat. N\u00e4heres hierzu findet sich im&nbsp;<a href=\"https:\/\/www.couven-gymnasium.de\/wordpress2\/wp-content\/uploads\/2024\/05\/Medienkonzept-Stand-April-2019-1-1.pdf\">Medienkonzept unserer Schule<\/a> bzw. den diesbzgl. <a href=\"https:\/\/medienkompetenzrahmen.nrw\">Seiten<\/a> des Landes NRW.<\/li>\n\n\n\n<li style=\"font-size:17px\">AGs und Projekte f\u00fcr die SuS aller Stufen (z.B. Robotik, MINT-AG, Couven-Podcast, Aktionstage, Module f\u00fcr den SOL-Unterricht etc.)<\/li>\n\n\n\n<li style=\"font-size:17px\">Seit dem Schuljahr 2019\/20 f\u00fchren die Jahrgangsstufe 7 nach erfolgreichem Einsatz mehrerer iPad-Koffer als \u201ciPad-Jahrgang\u201d. N\u00e4heres entnehmen Sie bitte der dieser Facette unserer Schule zugedachten&nbsp;<a href=\"https:\/\/www.couven-gymnasium.de\/wordpress2\/ipad-klassen-am-couven\/\">Seite unserer Homepage<\/a>.<\/li>\n<\/ol>\n\n\n\n<p><\/p>\n\n\n\n<p><strong>Digitale Herausforderung<\/strong> &#8211; Pr\u00e4ventive Ma\u00dfnahmen<\/p>\n\n\n\n<p>Eine kompetente Mediennutzung, die auch die psychische Gesundheit unserer Kinder in den Blick nimmt ist in Zeiten, in denen Stichworte wie digitale Verrohung, Mediensucht und die Konfrontation mit z.T. altersunangemessenen Inhalten sich als Teil von Digitalit\u00e4t nicht wegdiskutieren lassen, von besonderer Bedeutung. Schule kann und muss hier pr\u00e4ventiv t\u00e4tig werden, kann die vorrangige, gelingende Arbeit auf diesem Gebiet im Elternhaus aber nur unterst\u00fctzen, Empfehlungen geben und mit anderen Anbietern zusammen ein hilfreiches Netzwerk aufbauen. Dieser Aufgabe nehmen wir uns gerne an und greifen hierbei auf diverse Bausteine wie Elternabende mit externen Anbietern, unsere Schulsozialarbeit, unsere Medienscouts, in den Unterricht eingebettete Bausteine, die Kooperation mit der RWTH und Aktionsprojekttage zu dem Thema zur\u00fcck. Die Foliens\u00e4tze des <strong>Aktionsabends &#8222;Digitale Herausforderung&#8220;<\/strong> f\u00fcr Eltern der Jahrg\u00e4nge 5 und 7 im Herbst 2024 sind unter den folgenden Links abzurufen.<\/p>\n\n\n\n<ol class=\"wp-block-list\">\n<li><a href=\"https:\/\/www.couven-gymnasium.de\/wordpress2\/wp-content\/uploads\/2024\/12\/Handout_Impulsvortrag_Couven_PetrasUKAC2024.pdf\">Einf\u00fchrungsvortrag<\/a> von Ira-Katharina Petras, Klinische Psychologin am Uniklinikum der RWTH Aachen &#8211; <em>Digital gesund oder krank?<\/em><\/li>\n\n\n\n<li><a href=\"https:\/\/www.couven-gymnasium.de\/wordpress2\/wp-content\/uploads\/2024\/12\/2024_11_07_Couven-RWTH.pdf\">Modulfolien<\/a> von Prof. Dr. Sven Kommer, RWTH Aachen &#8211; <em>Neue Bildung? Neues Lernen?<\/em><\/li>\n\n\n\n<li><a href=\"https:\/\/www.couven-gymnasium.de\/wordpress2\/wp-content\/uploads\/2024\/12\/1Smart-mobil-Smartphone-Laptop-und-Co.-in-der-Lebenswelt-von-Kindern.pdf\">Modulfolien<\/a> von Nicole R\u00fctten, Landesanstalt f\u00fcr Medien &#8211; <em>Smart mobil?!<\/em><\/li>\n\n\n\n<li><a href=\"https:\/\/www.couven-gymnasium.de\/wordpress2\/wp-content\/uploads\/2024\/12\/Internet-Eltern-Couven2024-PolizeiAC.pdf\">Modulfolien<\/a> von Kriminalhauptkommissar Peter Arz, Polizei Aachen &#8211; <em>Risiken der Internet- und Smartphonenutzung durch Kinder und Jugendliche<\/em><\/li>\n\n\n\n<li><a href=\"https:\/\/www.couven-gymnasium.de\/wordpress2\/wp-content\/uploads\/2024\/12\/2024-11-07_PPP-Mediensuchtpraevention.pdf\">Modulfolien<\/a> von Saskia Engelhardt, Suchthilfe Aachen &#8211; <em>Mediensucht &#8211; Vorbeugung, Warnsignale und Hilfsangebote<\/em><\/li>\n<\/ol>\n\n\n\n<p><\/p>\n\n\n\n<p>Weitere Tipps f\u00fcr Eltern, ihr Kind zu begleiten, finden sich auf Basis des lesenswerten Buches &#8222;Wir verlieren unsere Kinder&#8220; von Silke M\u00fcller (Droemer-Verlag, 2023) unter dem folgenden <a href=\"https:\/\/www.couven-gymnasium.de\/wordpress2\/wp-content\/uploads\/2024\/12\/TippsFuerEltern.pdf\">Link<\/a>. Wichtige Ansprechpartner sind <a href=\"https:\/\/www.couven-gymnasium.de\/wordpress2\/wp-content\/uploads\/2024\/12\/AnsprechpartnerInnen.pdf\">hier<\/a> zusammengestellt.<\/p>\n\n\n\n<p><\/p>\n\n\n\n<p><strong>Organisatorische Strukturen<\/strong><\/p>\n\n\n\n<p style=\"font-size:17px\">Mit der generellen konzeptionellen Arbeit, Planung und Umsetzung von Ideen im Bereich der \u201eMedienkompetenz\u201c ist an unserer Schule eine Arbeitsgemeinschaft betraut. Der Unterrichtsgestaltung und Organisation rund um die iPad-Klassen widmet sich eine weitere Arbeitsgemeinschaft.<\/p>\n\n\n\n<p style=\"font-size:17px\">Als Ansprechpartner f\u00fcr den Bereich der Medienkompetenz stehen Ihnen&nbsp;<strong>Herr Henning Buhr<\/strong> (<a href=\"mailto:buhr@couven-gymnasium.de\">buhr@couven.de<\/a>) und <strong>Frau Stefanie Sch\u00e4fers<\/strong> (<a href=\"mailto:shst@couven.de\">shst@couven.de<\/a>) zur Verf\u00fcgung.<\/p>\n\n\n\n<p style=\"font-size:17px\">Unsere Informationen zum Bereich der Medienerziehung bzw. dem mediengest\u00fctzten Unterricht werden  durch folgende Links&nbsp;erg\u00e4nzt:<\/p>\n\n\n\n<ul class=\"wp-block-list\">\n<li><a href=\"https:\/\/www.couven-gymnasium.de\/wordpress2\/wp-content\/uploads\/2024\/05\/Medienkonzept-Stand-April-2019-1-1.pdf\">zu unserem Medienkonzept<\/a><\/li>\n\n\n\n<li><a href=\"https:\/\/www.couven-gymnasium.de\/wordpress2\/ipad-klassen-am-couven\/\">zu den iPad-Klassen<\/a>.<\/li>\n<\/ul>\n\n\n\n<p style=\"font-size:17px\"><\/p>\n\n\n","protected":false},"featured_media":2085,"template":"","class_list":["post-1232","profil","type-profil","status-publish","has-post-thumbnail","hentry"],"acf":[],"uagb_featured_image_src":{"full":["https:\/\/www.couven-gymnasium.de\/wordpress2\/wp-content\/uploads\/2024\/05\/Medienerziehung.jpg",600,424,false],"thumbnail":["https:\/\/www.couven-gymnasium.de\/wordpress2\/wp-content\/uploads\/2024\/05\/Medienerziehung-150x150.jpg",150,150,true],"medium":["https:\/\/www.couven-gymnasium.de\/wordpress2\/wp-content\/uploads\/2024\/05\/Medienerziehung-300x212.jpg",300,212,true],"medium_large":["https:\/\/www.couven-gymnasium.de\/wordpress2\/wp-content\/uploads\/2024\/05\/Medienerziehung.jpg",600,424,false],"large":["https:\/\/www.couven-gymnasium.de\/wordpress2\/wp-content\/uploads\/2024\/05\/Medienerziehung.jpg",600,424,false],"1536x1536":["https:\/\/www.couven-gymnasium.de\/wordpress2\/wp-content\/uploads\/2024\/05\/Medienerziehung.jpg",600,424,false],"2048x2048":["https:\/\/www.couven-gymnasium.de\/wordpress2\/wp-content\/uploads\/2024\/05\/Medienerziehung.jpg",600,424,false]},"uagb_author_info":{"display_name":"couvenlehrer-editor","author_link":"https:\/\/www.couven-gymnasium.de\/wordpress2\/author\/"},"uagb_comment_info":0,"uagb_excerpt":"Die Nutzung moderner Medien bekommt in der Welt, in der unsere Kinder leben und auf die wir sie bestm\u00f6glichst vorbereiten wollen, eine immer gr\u00f6\u00dfere Bedeutung. Richtet man als Bildungsinstitution hierbei [&hellip;]","publishpress_future_workflow_manual_trigger":{"enabledWorkflows":[]},"_links":{"self":[{"href":"https:\/\/www.couven-gymnasium.de\/wordpress2\/wp-json\/wp\/v2\/profil\/1232","targetHints":{"allow":["GET"]}}],"collection":[{"href":"https:\/\/www.couven-gymnasium.de\/wordpress2\/wp-json\/wp\/v2\/profil"}],"about":[{"href":"https:\/\/www.couven-gymnasium.de\/wordpress2\/wp-json\/wp\/v2\/types\/profil"}],"wp:featuredmedia":[{"embeddable":true,"href":"https:\/\/www.couven-gymnasium.de\/wordpress2\/wp-json\/wp\/v2\/media\/2085"}],"wp:attachment":[{"href":"https:\/\/www.couven-gymnasium.de\/wordpress2\/wp-json\/wp\/v2\/media?parent=1232"}],"curies":[{"name":"wp","href":"https:\/\/api.w.org\/{rel}","templated":true}]}}

Mediengestütztes Lernen und Medienerziehung

<p style="font-size:17px">Die Nutzung moderner Medien bekommt in der Welt, in der unsere Kinder leben und auf die wir sie bestmöglichst vorbereiten wollen, eine immer größere Bedeutung. Richtet man als Bildungsinstitution hierbei das besondere Augenmerk auf die Möglichkeiten, die sich in Bezug auf den Bildungsbegriff ergeben und das individuelle Lernen gestalten helfen können, so ist man gezwungen, sich mit dem sinnvollen Einsatz von Computern und des Internets und damit Stichwörtern wie Sozialen Netzwerken, Blogs, Podcasts etc. (u.a. im Kontext des Lernens) auseinander zu setzen. Dahingehend ist unserer Schule besonders wichtig,</p>



<ol class="wp-block-list">
<li style="font-size:17px">ein individuelleres Lernen, Wiederholen und Fördern durch den Einsatz moderner Medien zu ermöglichen,</li>



<li style="font-size:17px">die kreative und produktorientierte Auseinandersetzung mit Inhalten zu fordern und zu fördern,</li>



<li style="font-size:17px">das Internet mit seinen Möglichkeiten kennen zu lernen und kritisch hinterfragen zu können,</li>



<li style="font-size:17px">einen mündigen Umgang mit den Möglichkeiten moderner Medien zu ermöglichen und</li>



<li style="font-size:17px">die inhaltlichen und sozialen Kompetenzen der SuS unter einander zu fördern und auszubauen.</li>
</ol>



<p></p>



<p style="font-size:17px">Um diese Ziele zu erreichen, stützen wir uns u.a. auf <strong>folgende Angebote</strong>:</p>



<ol class="wp-block-list">
<li style="font-size:17px">Das Fach <strong>Informatik</strong> in den Klassen 5-7 als verbindliches Unterrichtsfach für alle SuS gemäß eines gesonderten Curriculums;</li>



<li style="font-size:17px">Den Einsatz moderner Medien und der erlernten Kompetenzen in allen Fächern. Dabei stützen wir uns auf den&nbsp;<strong>Medienkompetenzrahmen NRW,&nbsp;</strong>der in alle curricularen Vorgaben der einzelnen Fächer Einzug gehalten hat. Näheres hierzu findet sich im&nbsp;<a href="https://www.couven-gymnasium.de/wordpress2/wp-content/uploads/2024/05/Medienkonzept-Stand-April-2019-1-1.pdf">Medienkonzept unserer Schule</a> bzw. den diesbzgl. <a href="https://medienkompetenzrahmen.nrw">Seiten</a> des Landes NRW.</li>



<li style="font-size:17px">AGs und Projekte für die SuS aller Stufen (z.B. Robotik, MINT-AG, Couven-Podcast, Aktionstage, Module für den SOL-Unterricht etc.)</li>



<li style="font-size:17px">Seit dem Schuljahr 2019/20 führen die Jahrgangsstufe 7 nach erfolgreichem Einsatz mehrerer iPad-Koffer als “iPad-Jahrgang”. Näheres entnehmen Sie bitte der dieser Facette unserer Schule zugedachten&nbsp;<a href="https://www.couven-gymnasium.de/wordpress2/ipad-klassen-am-couven/">Seite unserer Homepage</a>.</li>
</ol>



<p></p>



<p><strong>Digitale Herausforderung</strong> &#8211; Präventive Maßnahmen</p>



<p>Eine kompetente Mediennutzung, die auch die psychische Gesundheit unserer Kinder in den Blick nimmt ist in Zeiten, in denen Stichworte wie digitale Verrohung, Mediensucht und die Konfrontation mit z.T. altersunangemessenen Inhalten sich als Teil von Digitalität nicht wegdiskutieren lassen, von besonderer Bedeutung. Schule kann und muss hier präventiv tätig werden, kann die vorrangige, gelingende Arbeit auf diesem Gebiet im Elternhaus aber nur unterstützen, Empfehlungen geben und mit anderen Anbietern zusammen ein hilfreiches Netzwerk aufbauen. Dieser Aufgabe nehmen wir uns gerne an und greifen hierbei auf diverse Bausteine wie Elternabende mit externen Anbietern, unsere Schulsozialarbeit, unsere Medienscouts, in den Unterricht eingebettete Bausteine, die Kooperation mit der RWTH und Aktionsprojekttage zu dem Thema zurück. Die Foliensätze des <strong>Aktionsabends &#8222;Digitale Herausforderung&#8220;</strong> für Eltern der Jahrgänge 5 und 7 im Herbst 2024 sind unter den folgenden Links abzurufen.</p>



<ol class="wp-block-list">
<li><a href="https://www.couven-gymnasium.de/wordpress2/wp-content/uploads/2024/12/Handout_Impulsvortrag_Couven_PetrasUKAC2024.pdf">Einführungsvortrag</a> von Ira-Katharina Petras, Klinische Psychologin am Uniklinikum der RWTH Aachen &#8211; <em>Digital gesund oder krank?</em></li>



<li><a href="https://www.couven-gymnasium.de/wordpress2/wp-content/uploads/2024/12/2024_11_07_Couven-RWTH.pdf">Modulfolien</a> von Prof. Dr. Sven Kommer, RWTH Aachen &#8211; <em>Neue Bildung? Neues Lernen?</em></li>



<li><a href="https://www.couven-gymnasium.de/wordpress2/wp-content/uploads/2024/12/1Smart-mobil-Smartphone-Laptop-und-Co.-in-der-Lebenswelt-von-Kindern.pdf">Modulfolien</a> von Nicole Rütten, Landesanstalt für Medien &#8211; <em>Smart mobil?!</em></li>



<li><a href="https://www.couven-gymnasium.de/wordpress2/wp-content/uploads/2024/12/Internet-Eltern-Couven2024-PolizeiAC.pdf">Modulfolien</a> von Kriminalhauptkommissar Peter Arz, Polizei Aachen &#8211; <em>Risiken der Internet- und Smartphonenutzung durch Kinder und Jugendliche</em></li>



<li><a href="https://www.couven-gymnasium.de/wordpress2/wp-content/uploads/2024/12/2024-11-07_PPP-Mediensuchtpraevention.pdf">Modulfolien</a> von Saskia Engelhardt, Suchthilfe Aachen &#8211; <em>Mediensucht &#8211; Vorbeugung, Warnsignale und Hilfsangebote</em></li>
</ol>



<p></p>



<p>Weitere Tipps für Eltern, ihr Kind zu begleiten, finden sich auf Basis des lesenswerten Buches &#8222;Wir verlieren unsere Kinder&#8220; von Silke Müller (Droemer-Verlag, 2023) unter dem folgenden <a href="https://www.couven-gymnasium.de/wordpress2/wp-content/uploads/2024/12/TippsFuerEltern.pdf">Link</a>. Wichtige Ansprechpartner sind <a href="https://www.couven-gymnasium.de/wordpress2/wp-content/uploads/2024/12/AnsprechpartnerInnen.pdf">hier</a> zusammengestellt.</p>



<p></p>



<p><strong>Organisatorische Strukturen</strong></p>



<p style="font-size:17px">Mit der generellen konzeptionellen Arbeit, Planung und Umsetzung von Ideen im Bereich der „Medienkompetenz“ ist an unserer Schule eine Arbeitsgemeinschaft betraut. Der Unterrichtsgestaltung und Organisation rund um die iPad-Klassen widmet sich eine weitere Arbeitsgemeinschaft.</p>



<p style="font-size:17px">Als Ansprechpartner für den Bereich der Medienkompetenz stehen Ihnen&nbsp;<strong>Herr Henning Buhr</strong> (<a href="mailto:buhr@couven-gymnasium.de">buhr@couven.de</a>) und <strong>Frau Stefanie Schäfers</strong> (<a href="mailto:shst@couven.de">shst@couven.de</a>) zur Verfügung.</p>



<p style="font-size:17px">Unsere Informationen zum Bereich der Medienerziehung bzw. dem mediengestützten Unterricht werden  durch folgende Links&nbsp;ergänzt:</p>



<ul class="wp-block-list">
<li><a href="https://www.couven-gymnasium.de/wordpress2/wp-content/uploads/2024/05/Medienkonzept-Stand-April-2019-1-1.pdf">zu unserem Medienkonzept</a></li>



<li><a href="https://www.couven-gymnasium.de/wordpress2/ipad-klassen-am-couven/">zu den iPad-Klassen</a>.</li>
</ul>



<p style="font-size:17px"></p>

Die Nutzung moderner Medien bekommt in der Welt, in der unsere Kinder leben und auf die wir sie bestmöglichst vorbereiten wollen, eine immer größere Bedeutung. Richtet man als Bildungsinstitution hierbei [&hellip;]
