{"id":3199,"date":"2024-12-11T11:50:58","date_gmt":"2024-12-11T10:50:58","guid":{"rendered":"https:\/\/www.couven-gymnasium.de\/wordpress2\/?page_id=3199"},"modified":"2025-11-15T15:50:47","modified_gmt":"2025-11-15T14:50:47","slug":"ipad-klassen-am-couven","status":"publish","type":"page","link":"https:\/\/www.couven-gymnasium.de\/wordpress2\/ipad-klassen-am-couven\/","title":{"rendered":"iPad-Klassen am Couven"},"content":{"rendered":"\n<p>Seit dem Schuljahr 2019\/20 arbeiten wir mit unseren Klassen ab Jahrgang 7 erfolgreich als <em>iPad-Jahrgang.&nbsp;<\/em><\/p>\n\n\n\n<p>Im Austausch mit unserer Partnerschule, dem Gymnasium W\u00fcrselen, die bereits l\u00e4nger iPad-Klassen installiert hat und mit uns im Netzwerk der <a href=\"https:\/\/www.schulministerium.nrw\/zukunftsschulen-nrw\">Zukunftsschulen NRW<\/a> diesbez\u00fcglich zusammen arbeitet, konnten wir zuvor diverse Einblicke in das zugrunde liegende Konzept, sowohl was den Einsatz im Unterricht als auch organisatorische und administrative Aspekte angeht, gewinnen. Dies hat uns darin best\u00e4rkt, dass unser Weg, auf mobile Endger\u00e4te bei gleichzeitig vorhandenem fl\u00e4chendeckendem WLAN zu setzen, der richtige ist und war. Nach entsprechender \u00dcberzeugungsarbeit dem Schultr\u00e4ger gegen\u00fcber, den Weg zunehmend weg vom Computerraum-Konzept zu gehen, arbeiten wir seither erfolgreich daran, das Konzept der iPad-Klassen umzusetzen. Dabei werden wir von den Eltern der seitdem betroffenen Jahrg\u00e4nge auf breiter Basis unterst\u00fctzt, was uns sehr freut. Die Eltern sind im Rahmen des Konzepts aufgefordert, ein iPad f\u00fcr ihr Kind anzuschaffen. Hierzu erhalten die Eltern der Sch\u00fclerinnen und Sch\u00fcler im 6. Jahrgang von unserem Apple-Partner, der Gesellschaft f\u00fcr digitale Bildung (<a href=\"http:\/\/gfdb.de\">gfdb.de<\/a>) in K\u00f6ln mit angemessenem Vorlauf zum neuen Schuljahr \u00fcber ein Web-Portal die M\u00f6glichkeit, aus verschiedenen Bildungs-Paketen auszuw\u00e4hlen. Mit dem Ger\u00e4t erhalten die Kinder \u00fcber die schulische Anmeldung kostenlos 200GB Cloud-Speicher. Dabei ist es uns sehr wichtig und m\u00f6glich, den Kindern, die von Daheim aus kein eigenes iPad erhalten k\u00f6nnen, ein Leihger\u00e4t zu stellen, sodass alle Kinder der Stufe einheitliche M\u00f6glichkeiten erhalten, ihr Lernen, wo sinnvoll und vorgesehen durch den iPad-Einsatz zu erg\u00e4nzen.<\/p>\n\n\n\n<p><strong>Nutzung bereits vorhandener privater Ger\u00e4te<\/strong><\/p>\n\n\n\n<p>Im Allgemeinen k\u00f6nnen derzeit (Stand Main 2024) alle iPads ab der 6. Generation (iPad 2018 oder neuer) unabh\u00e4ngig von Speicherplatz etc. in das System eingepflegt werden. Das Einpflegen des Ger\u00e4ts in das schulische Online-Verwaltungssystem JAMF bzw. den sogenannten Apple School Manager wird durch die Schule \u00fcbernommen.<br>Dazu ist das Ger\u00e4t nach entsprechender Datensicherung mit einem ausreichenden Vorlauf zum n\u00e4chsten Schuljahr von Seiten der Familien bei der Schule abzugeben, wo es ein bestimmtes (\u201eunsichtbares&#8220;) Profil erh\u00e4lt und in unserer Verwaltungssoftware hinterlegt wird (DEP-Registrierung). Anschlie\u00dfend k\u00f6nnen Apps zugewiesen, Sperrmechanismen im Unterricht erm\u00f6glicht werden u.a.. Verbunden mit der Online-Verwaltung ist der Kauf einer JAMF-Lifetime-Lizenz (Unkosten von 25\u20ac). Die Anschaffung der Lizenz wird von der Schule \u00fcbernommen.<\/p>\n\n\n\n<p><strong>Weitere Informationen<\/strong><\/p>\n\n\n\n<p>Mit, vor und w\u00e4hrend der Implementation des iPad-Klassen-Konzepts ergaben bzw. ergeben sich diverse Fragen, \u00fcber die wir versuchen, mit den Sch\u00fclerinnen und Sch\u00fclern sowie ihren Eltern im intensiven Austausch zu bleiben und Prozesse auch f\u00fcr die Folgejahrg\u00e4nge zu optimieren. Um den Fragen zu begegnen wurden einige Materialien erstellt, die unter folgenden Links zum Download bereit stehen.<\/p>\n\n\n\n<p><strong>&nbsp; &nbsp;Folien zu den Informationsveranstaltungen f\u00fcr Eltern des 7. Jhg. (November 2025)<\/strong><\/p>\n\n\n\n<ul class=\"wp-block-list\">\n<li><a href=\"https:\/\/www.couven-gymnasium.de\/wordpress2\/wp-content\/uploads\/2025\/11\/Elterninfo-iPad.pdf\">Foliensatz<\/a><\/li>\n<\/ul>\n\n\n\n<hr class=\"wp-block-separator has-alpha-channel-opacity\"\/>\n\n\n\n<p><strong>Unterricht ver\u00e4ndern<\/strong><\/p>\n\n\n\n<ul class=\"wp-block-list\">\n<li><a href=\"https:\/\/www.couven-gymnasium.de\/wordpress\/wp-content\/uploads\/2019\/12\/iPad-Elternabend.pdf\">Pr\u00e4sentation Elternabend 09.12.2019<\/a><\/li>\n\n\n\n<li><a href=\"https:\/\/www.dropbox.com\/s\/khggc3cv0uytprn\/Unterrichtskultur_iPad.mov?dl=0\">Unterricht individualisieren und Lernkultur erweitern &#8211; iPad-gest\u00fctzte Beispiele aus dem Unterricht (Film)<\/a><\/li>\n<\/ul>\n\n\n\n<hr class=\"wp-block-separator has-alpha-channel-opacity\"\/>\n\n\n\n<p><strong>Konkretes zur Anschaffung<\/strong><\/p>\n\n\n\n<ul class=\"wp-block-list\">\n<li><a href=\"https:\/\/www.couven-gymnasium.de\/wordpress\/wp-content\/uploads\/2020\/06\/Versicherungsbedingungen-20.pdf\">Versicherungsbedingungen 2020<\/a><\/li>\n\n\n\n<li><a href=\"https:\/\/www.couven-gymnasium.de\/wordpress\/wp-content\/uploads\/2022\/12\/FAQ_Elternfinanzierung-1.pdf\">FAQ der Gesellschaft f\u00fcr digitale Bildung (GFDB) zur Finanzierung<\/a><\/li>\n<\/ul>\n\n\n\n<hr class=\"wp-block-separator has-alpha-channel-opacity\"\/>\n\n\n\n<p><strong>Fragen und Antworten &#8211; Regelungen<\/strong><\/p>\n\n\n\n<ul class=\"wp-block-list\">\n<li><a href=\"https:\/\/www.couven-gymnasium.de\/wordpress\/wp-content\/uploads\/2023\/08\/iPad-purchase-damage-retirement.pdf\">New to an iPad class: important info on purchasing, claims, dropping out<\/a><\/li>\n\n\n\n<li><a href=\"https:\/\/www.couven-gymnasium.de\/wordpress\/wp-content\/uploads\/2023\/08\/iPadAnschaffung_Schaden_Ausscheiden.pdf\">Neu in einer iPad-Klasse: Wichtige Infos zu Anschaffung, Schadensfall, Ausscheiden<\/a><\/li>\n\n\n\n<li><a href=\"https:\/\/www.couven-gymnasium.de\/wordpress\/wp-content\/uploads\/2020\/08\/iPad-Know-How-Couven-Gymnasium_reduced_2020.pdf\">iPad Know How<\/a><\/li>\n\n\n\n<li><a href=\"https:\/\/www.couven-gymnasium.de\/wordpress\/wp-content\/uploads\/2020\/08\/FAQ_Ipads2020.pdf\">H\u00e4ufig gestellte Fragen und Antworten rund um die iPad-Jahrg\u00e4nge<\/a><\/li>\n\n\n\n<li><a href=\"https:\/\/www.couven-gymnasium.de\/wordpress\/wp-content\/uploads\/2023\/05\/ErstesHochfahren2023.pdf\">Erste Einrichtung des iPads<\/a><\/li>\n\n\n\n<li><a href=\"https:\/\/www.dropbox.com\/s\/bexlgyhb3yt6zhk\/IMG_0089.MP4?dl=0\">Nutzung der Schlie\u00dff\u00e4cher im Verwaltungstrakt (Film)<\/a><\/li>\n\n\n\n<li><a href=\"https:\/\/www.couven-gymnasium.de\/wordpress\/wp-content\/uploads\/2021\/08\/Datenschutzinformationen-Einwilligung-Apple-MDM-JAMF_202122.pdf\">Datenschutzinformationen<\/a><\/li>\n\n\n\n<li><a href=\"https:\/\/www.couven-gymnasium.de\/wordpress\/wp-content\/uploads\/2021\/08\/ipad-regelwerk-ichform_15082021_veraendert.pdf\">Regelwerk im Umgang mit dem iPad<\/a><\/li>\n\n\n\n<li><a href=\"https:\/\/www.couven-gymnasium.de\/wordpress\/wp-content\/uploads\/2020\/12\/NutzungsordnungSuS2020_2021.pdf\">EDV-Nutzungsbedingungen&nbsp;(aktualisiert November 2020)<\/a><\/li>\n\n\n\n<li><a href=\"https:\/\/www.couven-gymnasium.de\/wordpress\/wp-content\/uploads\/2019\/09\/GleichzeitigesAnmeldenMitZweiIDs_150919.pdf\">Gleichzeitige Nutzung von schulischer und privater Apple-ID<\/a><\/li>\n\n\n\n<li><a href=\"https:\/\/www.couven-gymnasium.de\/wordpress\/wp-content\/uploads\/2021\/08\/Vertrag-Dauerleihgabe-iPad-Couven_2021.pdf\">Vertrag zur Dauerleihgabe<\/a><\/li>\n\n\n\n<li><a href=\"https:\/\/gfdb.smartsupport.de\/service\/device\">Abwicklung eines Schadensfalls (Link zum Angebot von SmartSupport)<\/a><\/li>\n<\/ul>\n\n\n\n<p><strong>Auch sehr interessant und bisweilen bitte durchzuf\u00fchren:<\/strong><\/p>\n\n\n\n<ul class=\"wp-block-list\">\n<li><a href=\"https:\/\/www.couven-gymnasium.de\/wordpress\/wp-content\/uploads\/2020\/08\/AnleitungICloudIPadLeeren2020.pdf\">Speicher auf dem iPad freigeben &#8211; die iCloud nutzen&#8230; (Text)<\/a><\/li>\n\n\n\n<li><a href=\"https:\/\/www.dropbox.com\/s\/uf8ttbpbz07ykvg\/IPad-SpeicherLeeren.mp4?dl=0\">Speicher auf dem iPad freigeben (Link zum zugeh\u00f6rigen Video)<\/a><\/li>\n<\/ul>\n\n\n\n<p><strong>Informationen rund um m\u00f6gliche Einschr\u00e4nkung der Nutzungsart und -dauer (Bildschirmzeit, JAMFparent)<\/strong><\/p>\n\n\n\n<ul class=\"wp-block-list\">\n<li><a href=\"https:\/\/www.couven-gymnasium.de\/wordpress\/wp-content\/uploads\/2023\/07\/BIldschirmzeitFamilienfreigabeJAMFparent.pdf\">Bildschirmzeit, Familienfreigabe und JAMFparent (Einf\u00fchrungstext)<\/a><\/li>\n\n\n\n<li><a href=\"https:\/\/www.couven-gymnasium.de\/wordpress\/wp-content\/uploads\/2023\/07\/Teil1_JAMFparent_Browser_red.mp4\">Kontrolle und Einschr\u00e4nkungen Teil 1: JAMF parent im Browser<\/a><\/li>\n\n\n\n<li><a href=\"https:\/\/www.couven-gymnasium.de\/wordpress\/wp-content\/uploads\/2023\/07\/Teil2_JAMFparent_APP_red.mp4\">Kontrolle und Einschr\u00e4nkungen Teil 2: JAMF parent als App nutzen<\/a><\/li>\n\n\n\n<li><a href=\"https:\/\/www.couven-gymnasium.de\/wordpress\/wp-content\/uploads\/2023\/07\/Teil3_BildschirmzeitAufKindgeraet_red.mp4\">Kontrolle und Einschr\u00e4nkungen Teil 3: Die Bildschirmzeit auf dem Ger\u00e4t des Kindes<\/a><a href=\"https:\/\/www.couven-gymnasium.de\/wordpress\/wp-content\/uploads\/2023\/07\/Teil3_BildschirmzeitAufKindgeraet_red.mp4\"> einstellen<\/a><\/li>\n\n\n\n<li><a href=\"https:\/\/www.couven-gymnasium.de\/wordpress\/wp-content\/uploads\/2023\/07\/Teil4_BildschirmzeitFamilienfreigabe.mp4\">Kontrolle und Einschr\u00e4nkungen Teil 4: Die Bildschirmzeit \u00fcber ein weiteres Apple-Ger\u00e4t im Rahmen der Familienfreigabe einstellen<\/a><\/li>\n\n\n\n<li><a href=\"https:\/\/www.youtube.com\/watch?v=3GpDlCfh1fY\">Ausf\u00fchrlichere Einf\u00fchrung in den Umgang mit der Bildschirmzeit auf dem iPad (YouTube-Video von extern)<\/a><\/li>\n\n\n\n<li><a href=\"https:\/\/www.couven-gymnasium.de\/wordpress\/wp-content\/uploads\/2024\/03\/JAMFparent_Geraeteregeln_AnleitungBilder.pdf\">Bebilderte Anleitung zur Erstellung von Ger\u00e4teregeln mit der JAMFparent-App<\/a><\/li>\n<\/ul>\n\n\n\n<p>Mit der Konzeption, Durchf\u00fchrung und Evaluation der iPad-Klassen ist bei uns eine Arbeitsgruppe betraut. Bei Fragen wenden Sie sich bitte an<strong> Frau Sch\u00e4fers<\/strong> (<a href=\"mailto:shst@couven.de\">shst@couven.de<\/a>) oder&nbsp;<strong>Herrn Buhr<\/strong> (<a href=\"mailto:buhr@couven.de\">buhr@couven.de<\/a>).<\/p>\n","protected":false},"excerpt":{"rendered":"<p>Seit dem Schuljahr 2019\/20 arbeiten wir mit unseren Klassen ab Jahrgang 7 erfolgreich als iPad-Jahrgang.&nbsp; Im Austausch mit unserer Partnerschule, dem Gymnasium W\u00fcrselen, die bereits l\u00e4nger iPad-Klassen installiert hat und [&hellip;]<\/p>\n","protected":false},"author":3,"featured_media":0,"parent":0,"menu_order":0,"comment_status":"closed","ping_status":"closed","template":"","meta":{"_acf_changed":false,"_uag_custom_page_level_css":"","footnotes":""},"class_list":["post-3199","page","type-page","status-publish","hentry"],"acf":[],"uagb_featured_image_src":{"full":false,"thumbnail":false,"medium":false,"medium_large":false,"large":false,"1536x1536":false,"2048x2048":false},"uagb_author_info":{"display_name":"couvenlehrer-editor","author_link":"https:\/\/www.couven-gymnasium.de\/wordpress2\/author\/couvenlehrer-editor\/"},"uagb_comment_info":0,"uagb_excerpt":"Seit dem Schuljahr 2019\/20 arbeiten wir mit unseren Klassen ab Jahrgang 7 erfolgreich als iPad-Jahrgang.&nbsp; Im Austausch mit unserer Partnerschule, dem Gymnasium W\u00fcrselen, die bereits l\u00e4nger iPad-Klassen installiert hat und [&hellip;]","publishpress_future_action":{"enabled":false,"date":"2026-05-07 15:43:07","action":"change-status","newStatus":"draft","terms":[],"taxonomy":"","extraData":[]},"publishpress_future_workflow_manual_trigger":{"enabledWorkflows":[]},"_links":{"self":[{"href":"https:\/\/www.couven-gymnasium.de\/wordpress2\/wp-json\/wp\/v2\/pages\/3199","targetHints":{"allow":["GET"]}}],"collection":[{"href":"https:\/\/www.couven-gymnasium.de\/wordpress2\/wp-json\/wp\/v2\/pages"}],"about":[{"href":"https:\/\/www.couven-gymnasium.de\/wordpress2\/wp-json\/wp\/v2\/types\/page"}],"author":[{"embeddable":true,"href":"https:\/\/www.couven-gymnasium.de\/wordpress2\/wp-json\/wp\/v2\/users\/3"}],"replies":[{"embeddable":true,"href":"https:\/\/www.couven-gymnasium.de\/wordpress2\/wp-json\/wp\/v2\/comments?post=3199"}],"version-history":[{"count":2,"href":"https:\/\/www.couven-gymnasium.de\/wordpress2\/wp-json\/wp\/v2\/pages\/3199\/revisions"}],"predecessor-version":[{"id":7418,"href":"https:\/\/www.couven-gymnasium.de\/wordpress2\/wp-json\/wp\/v2\/pages\/3199\/revisions\/7418"}],"wp:attachment":[{"href":"https:\/\/www.couven-gymnasium.de\/wordpress2\/wp-json\/wp\/v2\/media?parent=3199"}],"curies":[{"name":"wp","href":"https:\/\/api.w.org\/{rel}","templated":true}]}}

<p>Seit dem Schuljahr 2019/20 arbeiten wir mit unseren Klassen ab Jahrgang 7 erfolgreich als <em>iPad-Jahrgang.&nbsp;</em></p>



<p>Im Austausch mit unserer Partnerschule, dem Gymnasium Würselen, die bereits länger iPad-Klassen installiert hat und mit uns im Netzwerk der <a href="https://www.schulministerium.nrw/zukunftsschulen-nrw">Zukunftsschulen NRW</a> diesbezüglich zusammen arbeitet, konnten wir zuvor diverse Einblicke in das zugrunde liegende Konzept, sowohl was den Einsatz im Unterricht als auch organisatorische und administrative Aspekte angeht, gewinnen. Dies hat uns darin bestärkt, dass unser Weg, auf mobile Endgeräte bei gleichzeitig vorhandenem flächendeckendem WLAN zu setzen, der richtige ist und war. Nach entsprechender Überzeugungsarbeit dem Schulträger gegenüber, den Weg zunehmend weg vom Computerraum-Konzept zu gehen, arbeiten wir seither erfolgreich daran, das Konzept der iPad-Klassen umzusetzen. Dabei werden wir von den Eltern der seitdem betroffenen Jahrgänge auf breiter Basis unterstützt, was uns sehr freut. Die Eltern sind im Rahmen des Konzepts aufgefordert, ein iPad für ihr Kind anzuschaffen. Hierzu erhalten die Eltern der Schülerinnen und Schüler im 6. Jahrgang von unserem Apple-Partner, der Gesellschaft für digitale Bildung (<a href="http://gfdb.de">gfdb.de</a>) in Köln mit angemessenem Vorlauf zum neuen Schuljahr über ein Web-Portal die Möglichkeit, aus verschiedenen Bildungs-Paketen auszuwählen. Mit dem Gerät erhalten die Kinder über die schulische Anmeldung kostenlos 200GB Cloud-Speicher. Dabei ist es uns sehr wichtig und möglich, den Kindern, die von Daheim aus kein eigenes iPad erhalten können, ein Leihgerät zu stellen, sodass alle Kinder der Stufe einheitliche Möglichkeiten erhalten, ihr Lernen, wo sinnvoll und vorgesehen durch den iPad-Einsatz zu ergänzen.</p>



<p><strong>Nutzung bereits vorhandener privater Geräte</strong></p>



<p>Im Allgemeinen können derzeit (Stand Main 2024) alle iPads ab der 6. Generation (iPad 2018 oder neuer) unabhängig von Speicherplatz etc. in das System eingepflegt werden. Das Einpflegen des Geräts in das schulische Online-Verwaltungssystem JAMF bzw. den sogenannten Apple School Manager wird durch die Schule übernommen.<br>Dazu ist das Gerät nach entsprechender Datensicherung mit einem ausreichenden Vorlauf zum nächsten Schuljahr von Seiten der Familien bei der Schule abzugeben, wo es ein bestimmtes („unsichtbares&#8220;) Profil erhält und in unserer Verwaltungssoftware hinterlegt wird (DEP-Registrierung). Anschließend können Apps zugewiesen, Sperrmechanismen im Unterricht ermöglicht werden u.a.. Verbunden mit der Online-Verwaltung ist der Kauf einer JAMF-Lifetime-Lizenz (Unkosten von 25€). Die Anschaffung der Lizenz wird von der Schule übernommen.</p>



<p><strong>Weitere Informationen</strong></p>



<p>Mit, vor und während der Implementation des iPad-Klassen-Konzepts ergaben bzw. ergeben sich diverse Fragen, über die wir versuchen, mit den Schülerinnen und Schülern sowie ihren Eltern im intensiven Austausch zu bleiben und Prozesse auch für die Folgejahrgänge zu optimieren. Um den Fragen zu begegnen wurden einige Materialien erstellt, die unter folgenden Links zum Download bereit stehen.</p>



<p><strong>&nbsp; &nbsp;Folien zu den Informationsveranstaltungen für Eltern des 7. Jhg. (November 2025)</strong></p>



<ul class="wp-block-list">
<li><a href="https://www.couven-gymnasium.de/wordpress2/wp-content/uploads/2025/11/Elterninfo-iPad.pdf">Foliensatz</a></li>
</ul>



<hr class="wp-block-separator has-alpha-channel-opacity"/>



<p><strong>Unterricht verändern</strong></p>



<ul class="wp-block-list">
<li><a href="https://www.couven-gymnasium.de/wordpress/wp-content/uploads/2019/12/iPad-Elternabend.pdf">Präsentation Elternabend 09.12.2019</a></li>



<li><a href="https://www.dropbox.com/s/khggc3cv0uytprn/Unterrichtskultur_iPad.mov?dl=0">Unterricht individualisieren und Lernkultur erweitern &#8211; iPad-gestützte Beispiele aus dem Unterricht (Film)</a></li>
</ul>



<hr class="wp-block-separator has-alpha-channel-opacity"/>



<p><strong>Konkretes zur Anschaffung</strong></p>



<ul class="wp-block-list">
<li><a href="https://www.couven-gymnasium.de/wordpress/wp-content/uploads/2020/06/Versicherungsbedingungen-20.pdf">Versicherungsbedingungen 2020</a></li>



<li><a href="https://www.couven-gymnasium.de/wordpress/wp-content/uploads/2022/12/FAQ_Elternfinanzierung-1.pdf">FAQ der Gesellschaft für digitale Bildung (GFDB) zur Finanzierung</a></li>
</ul>



<hr class="wp-block-separator has-alpha-channel-opacity"/>



<p><strong>Fragen und Antworten &#8211; Regelungen</strong></p>



<ul class="wp-block-list">
<li><a href="https://www.couven-gymnasium.de/wordpress/wp-content/uploads/2023/08/iPad-purchase-damage-retirement.pdf">New to an iPad class: important info on purchasing, claims, dropping out</a></li>



<li><a href="https://www.couven-gymnasium.de/wordpress/wp-content/uploads/2023/08/iPadAnschaffung_Schaden_Ausscheiden.pdf">Neu in einer iPad-Klasse: Wichtige Infos zu Anschaffung, Schadensfall, Ausscheiden</a></li>



<li><a href="https://www.couven-gymnasium.de/wordpress/wp-content/uploads/2020/08/iPad-Know-How-Couven-Gymnasium_reduced_2020.pdf">iPad Know How</a></li>



<li><a href="https://www.couven-gymnasium.de/wordpress/wp-content/uploads/2020/08/FAQ_Ipads2020.pdf">Häufig gestellte Fragen und Antworten rund um die iPad-Jahrgänge</a></li>



<li><a href="https://www.couven-gymnasium.de/wordpress/wp-content/uploads/2023/05/ErstesHochfahren2023.pdf">Erste Einrichtung des iPads</a></li>



<li><a href="https://www.dropbox.com/s/bexlgyhb3yt6zhk/IMG_0089.MP4?dl=0">Nutzung der Schließfächer im Verwaltungstrakt (Film)</a></li>



<li><a href="https://www.couven-gymnasium.de/wordpress/wp-content/uploads/2021/08/Datenschutzinformationen-Einwilligung-Apple-MDM-JAMF_202122.pdf">Datenschutzinformationen</a></li>



<li><a href="https://www.couven-gymnasium.de/wordpress/wp-content/uploads/2021/08/ipad-regelwerk-ichform_15082021_veraendert.pdf">Regelwerk im Umgang mit dem iPad</a></li>



<li><a href="https://www.couven-gymnasium.de/wordpress/wp-content/uploads/2020/12/NutzungsordnungSuS2020_2021.pdf">EDV-Nutzungsbedingungen&nbsp;(aktualisiert November 2020)</a></li>



<li><a href="https://www.couven-gymnasium.de/wordpress/wp-content/uploads/2019/09/GleichzeitigesAnmeldenMitZweiIDs_150919.pdf">Gleichzeitige Nutzung von schulischer und privater Apple-ID</a></li>



<li><a href="https://www.couven-gymnasium.de/wordpress/wp-content/uploads/2021/08/Vertrag-Dauerleihgabe-iPad-Couven_2021.pdf">Vertrag zur Dauerleihgabe</a></li>



<li><a href="https://gfdb.smartsupport.de/service/device">Abwicklung eines Schadensfalls (Link zum Angebot von SmartSupport)</a></li>
</ul>



<p><strong>Auch sehr interessant und bisweilen bitte durchzuführen:</strong></p>



<ul class="wp-block-list">
<li><a href="https://www.couven-gymnasium.de/wordpress/wp-content/uploads/2020/08/AnleitungICloudIPadLeeren2020.pdf">Speicher auf dem iPad freigeben &#8211; die iCloud nutzen&#8230; (Text)</a></li>



<li><a href="https://www.dropbox.com/s/uf8ttbpbz07ykvg/IPad-SpeicherLeeren.mp4?dl=0">Speicher auf dem iPad freigeben (Link zum zugehörigen Video)</a></li>
</ul>



<p><strong>Informationen rund um mögliche Einschränkung der Nutzungsart und -dauer (Bildschirmzeit, JAMFparent)</strong></p>



<ul class="wp-block-list">
<li><a href="https://www.couven-gymnasium.de/wordpress/wp-content/uploads/2023/07/BIldschirmzeitFamilienfreigabeJAMFparent.pdf">Bildschirmzeit, Familienfreigabe und JAMFparent (Einführungstext)</a></li>



<li><a href="https://www.couven-gymnasium.de/wordpress/wp-content/uploads/2023/07/Teil1_JAMFparent_Browser_red.mp4">Kontrolle und Einschränkungen Teil 1: JAMF parent im Browser</a></li>



<li><a href="https://www.couven-gymnasium.de/wordpress/wp-content/uploads/2023/07/Teil2_JAMFparent_APP_red.mp4">Kontrolle und Einschränkungen Teil 2: JAMF parent als App nutzen</a></li>



<li><a href="https://www.couven-gymnasium.de/wordpress/wp-content/uploads/2023/07/Teil3_BildschirmzeitAufKindgeraet_red.mp4">Kontrolle und Einschränkungen Teil 3: Die Bildschirmzeit auf dem Gerät des Kindes</a><a href="https://www.couven-gymnasium.de/wordpress/wp-content/uploads/2023/07/Teil3_BildschirmzeitAufKindgeraet_red.mp4"> einstellen</a></li>



<li><a href="https://www.couven-gymnasium.de/wordpress/wp-content/uploads/2023/07/Teil4_BildschirmzeitFamilienfreigabe.mp4">Kontrolle und Einschränkungen Teil 4: Die Bildschirmzeit über ein weiteres Apple-Gerät im Rahmen der Familienfreigabe einstellen</a></li>



<li><a href="https://www.youtube.com/watch?v=3GpDlCfh1fY">Ausführlichere Einführung in den Umgang mit der Bildschirmzeit auf dem iPad (YouTube-Video von extern)</a></li>



<li><a href="https://www.couven-gymnasium.de/wordpress/wp-content/uploads/2024/03/JAMFparent_Geraeteregeln_AnleitungBilder.pdf">Bebilderte Anleitung zur Erstellung von Geräteregeln mit der JAMFparent-App</a></li>
</ul>



<p>Mit der Konzeption, Durchführung und Evaluation der iPad-Klassen ist bei uns eine Arbeitsgruppe betraut. Bei Fragen wenden Sie sich bitte an<strong> Frau Schäfers</strong> (<a href="mailto:shst@couven.de">shst@couven.de</a>) oder&nbsp;<strong>Herrn Buhr</strong> (<a href="mailto:buhr@couven.de">buhr@couven.de</a>).</p>

<p>Seit dem Schuljahr 2019/20 arbeiten wir mit unseren Klassen ab Jahrgang 7 erfolgreich als iPad-Jahrgang.&nbsp; Im Austausch mit unserer Partnerschule, dem Gymnasium Würselen, die bereits länger iPad-Klassen installiert hat und [&hellip;]</p>

Seit dem Schuljahr 2019/20 arbeiten wir mit unseren Klassen ab Jahrgang 7 erfolgreich als iPad-Jahrgang.&nbsp; Im Austausch mit unserer Partnerschule, dem Gymnasium Würselen, die bereits länger iPad-Klassen installiert hat und [&hellip;]
