{"id":10986,"date":"2026-09-02T16:44:08","date_gmt":"2026-09-02T14:44:08","guid":{"rendered":"https:\/\/www.couven-gymnasium.de\/wordpress2\/?post_type=couven-board&#038;p=10986"},"modified":"2026-09-02T16:45:25","modified_gmt":"2026-09-02T14:45:25","slug":"das-couven-gymnasium-trauert-um-frau-carla-daimler","status":"publish","type":"couven-board","link":"https:\/\/www.couven-gymnasium.de\/wordpress2\/couven-board\/das-couven-gymnasium-trauert-um-frau-carla-daimler\/","title":{"rendered":"Das Couven Gymnasium trauert um Frau Carla Daimler"},"content":{"rendered":"\n<div class=\"wp-block-columns is-layout-flex wp-container-core-columns-is-layout-7387b849 wp-block-columns-is-layout-flex\">\n<div class=\"wp-block-column is-layout-flow wp-block-column-is-layout-flow\" style=\"flex-basis:66.66%\">\n<h3 class=\"wp-block-heading\">In stillem Gedenken an Frau Carla Daimler<\/h3>\n\n\n\n<p class=\"wp-block-paragraph\"><em>\u2020 19. August 2026<\/em><\/p>\n\n\n\n<p class=\"wp-block-paragraph\">Frau Daimler war viele Jahre als Schulsekret\u00e4rin an unserer Schule t\u00e4tig. Mit gro\u00dfem Engagement und Pflichtbewusstsein widmete sie sich den vielf\u00e4ltigen Aufgaben des Schulsekretariats und war \u00fcber lange Zeit eine feste Gr\u00f6\u00dfe unseres Schullebens.<\/p>\n\n\n\n<p class=\"wp-block-paragraph\">Wir werden ihr ein ehrendes Andenken bewahren. Unser Mitgef\u00fchl gilt ihrer Familie und allen Angeh\u00f6rigen.<\/p>\n\n\n\n<p class=\"wp-block-paragraph\"><strong>Die Schulgemeinschaft des Couven Gymnasiums<\/strong><\/p>\n<\/div>\n\n\n\n<div class=\"wp-block-column is-layout-flow wp-block-column-is-layout-flow\" style=\"flex-basis:33.33%\">\n<figure class=\"wp-block-image size-large\"><img fetchpriority=\"high\" decoding=\"async\" width=\"1024\" height=\"1024\" src=\"https:\/\/www.couven-gymnasium.de\/wordpress2\/wp-content\/uploads\/2026\/09\/2026_gedenkkachel_carla_daimler-1024x1024.png\" alt=\"\" class=\"wp-image-10987\" srcset=\"https:\/\/www.couven-gymnasium.de\/wordpress2\/wp-content\/uploads\/2026\/09\/2026_gedenkkachel_carla_daimler-1024x1024.png 1024w, https:\/\/www.couven-gymnasium.de\/wordpress2\/wp-content\/uploads\/2026\/09\/2026_gedenkkachel_carla_daimler-300x300.png 300w, https:\/\/www.couven-gymnasium.de\/wordpress2\/wp-content\/uploads\/2026\/09\/2026_gedenkkachel_carla_daimler-150x150.png 150w, https:\/\/www.couven-gymnasium.de\/wordpress2\/wp-content\/uploads\/2026\/09\/2026_gedenkkachel_carla_daimler-768x768.png 768w, https:\/\/www.couven-gymnasium.de\/wordpress2\/wp-content\/uploads\/2026\/09\/2026_gedenkkachel_carla_daimler.png 1200w\" sizes=\"(max-width: 1024px) 100vw, 1024px\" \/><\/figure>\n<\/div>\n<\/div>\n","protected":false},"featured_media":10987,"template":"","class_list":["post-10986","couven-board","type-couven-board","status-publish","has-post-thumbnail","hentry"],"acf":[],"publishpress_future_workflow_manual_trigger":{"enabledWorkflows":[]},"_links":{"self":[{"href":"https:\/\/www.couven-gymnasium.de\/wordpress2\/wp-json\/wp\/v2\/couven-board\/10986","targetHints":{"allow":["GET"]}}],"collection":[{"href":"https:\/\/www.couven-gymnasium.de\/wordpress2\/wp-json\/wp\/v2\/couven-board"}],"about":[{"href":"https:\/\/www.couven-gymnasium.de\/wordpress2\/wp-json\/wp\/v2\/types\/couven-board"}],"wp:featuredmedia":[{"embeddable":true,"href":"https:\/\/www.couven-gymnasium.de\/wordpress2\/wp-json\/wp\/v2\/media\/10987"}],"wp:attachment":[{"href":"https:\/\/www.couven-gymnasium.de\/wordpress2\/wp-json\/wp\/v2\/media?parent=10986"}],"curies":[{"name":"wp","href":"https:\/\/api.w.org\/{rel}","templated":true}]}}

<div class="wp-block-columns is-layout-flex wp-container-core-columns-is-layout-7387b849 wp-block-columns-is-layout-flex">
<div class="wp-block-column is-layout-flow wp-block-column-is-layout-flow" style="flex-basis:66.66%">
<h3 class="wp-block-heading">In stillem Gedenken an Frau Carla Daimler</h3>



<p class="wp-block-paragraph"><em>† 19. August 2026</em></p>



<p class="wp-block-paragraph">Frau Daimler war viele Jahre als Schulsekretärin an unserer Schule tätig. Mit großem Engagement und Pflichtbewusstsein widmete sie sich den vielfältigen Aufgaben des Schulsekretariats und war über lange Zeit eine feste Größe unseres Schullebens.</p>



<p class="wp-block-paragraph">Wir werden ihr ein ehrendes Andenken bewahren. Unser Mitgefühl gilt ihrer Familie und allen Angehörigen.</p>



<p class="wp-block-paragraph"><strong>Die Schulgemeinschaft des Couven Gymnasiums</strong></p>
</div>



<div class="wp-block-column is-layout-flow wp-block-column-is-layout-flow" style="flex-basis:33.33%">
<figure class="wp-block-image size-large"><img fetchpriority="high" decoding="async" width="1024" height="1024" src="https://www.couven-gymnasium.de/wordpress2/wp-content/uploads/2026/09/2026_gedenkkachel_carla_daimler-1024x1024.png" alt="" class="wp-image-10987" srcset="https://www.couven-gymnasium.de/wordpress2/wp-content/uploads/2026/09/2026_gedenkkachel_carla_daimler-1024x1024.png 1024w, https://www.couven-gymnasium.de/wordpress2/wp-content/uploads/2026/09/2026_gedenkkachel_carla_daimler-300x300.png 300w, https://www.couven-gymnasium.de/wordpress2/wp-content/uploads/2026/09/2026_gedenkkachel_carla_daimler-150x150.png 150w, https://www.couven-gymnasium.de/wordpress2/wp-content/uploads/2026/09/2026_gedenkkachel_carla_daimler-768x768.png 768w, https://www.couven-gymnasium.de/wordpress2/wp-content/uploads/2026/09/2026_gedenkkachel_carla_daimler.png 1200w" sizes="(max-width: 1024px) 100vw, 1024px" /></figure>
</div>
</div>
