{"id":10108,"date":"2026-04-30T08:10:00","date_gmt":"2026-04-30T06:10:00","guid":{"rendered":"https:\/\/www.couven-gymnasium.de\/wordpress2\/?post_type=couven-board&#038;p=10108"},"modified":"2026-04-29T22:11:54","modified_gmt":"2026-04-29T20:11:54","slug":"mint-ec-camps-im-2-halbjahr-2026","status":"publish","type":"couven-board","link":"https:\/\/www.couven-gymnasium.de\/wordpress2\/couven-board\/mint-ec-camps-im-2-halbjahr-2026\/","title":{"rendered":"MINT-EC-Camps im 2. Halbjahr 2026"},"content":{"rendered":"\n<p>Liebe Sch\u00fclerinnen und Sch\u00fcler,<\/p>\n\n\n\n<p>habt ihr Lust, euch intensiv mit spannenden MINT-Themen zu besch\u00e4ftigen, neue Leute kennenzulernen und dabei auch noch Einblicke in Studium und Forschung zu bekommen? Dann sind die mehrt\u00e4gigen MINT-EC-Camps genau das Richtige f\u00fcr euch.<\/p>\n\n\n\n<p>Unsere Schule ist Mitglied im nationalen <a href=\"http:\/\/mint-ec.de\" target=\"_blank\" rel=\"noreferrer noopener\">MINT-EC-Schulnetzwerk<\/a>. Dadurch habt ihr die M\u00f6glichkeit, an diesen mehrt\u00e4gigen Camps in ganz Deutschland teilzunehmen. Teilnehmen k\u00f6nnen Sch\u00fclerinnen und Sch\u00fcler ab 16 Jahren aus der Oberstufe. In der Vergangenheit haben Sch\u00fclerinnen und Sch\u00fcler unserer Schule sehr positiv von den Camps berichtet.<\/p>\n\n\n\n<figure class=\"wp-block-image size-large\"><img fetchpriority=\"high\" decoding=\"async\" width=\"1024\" height=\"576\" src=\"https:\/\/www.couven-gymnasium.de\/wordpress2\/wp-content\/uploads\/2026\/04\/2.HJ-2026-MINT-EC-Camps-Dashboard-Full-HD-1024x576.png\" alt=\"\" class=\"wp-image-10110\" srcset=\"https:\/\/www.couven-gymnasium.de\/wordpress2\/wp-content\/uploads\/2026\/04\/2.HJ-2026-MINT-EC-Camps-Dashboard-Full-HD-1024x576.png 1024w, https:\/\/www.couven-gymnasium.de\/wordpress2\/wp-content\/uploads\/2026\/04\/2.HJ-2026-MINT-EC-Camps-Dashboard-Full-HD-300x169.png 300w, https:\/\/www.couven-gymnasium.de\/wordpress2\/wp-content\/uploads\/2026\/04\/2.HJ-2026-MINT-EC-Camps-Dashboard-Full-HD-768x432.png 768w, https:\/\/www.couven-gymnasium.de\/wordpress2\/wp-content\/uploads\/2026\/04\/2.HJ-2026-MINT-EC-Camps-Dashboard-Full-HD-1536x864.png 1536w, https:\/\/www.couven-gymnasium.de\/wordpress2\/wp-content\/uploads\/2026\/04\/2.HJ-2026-MINT-EC-Camps-Dashboard-Full-HD-2048x1152.png 2048w\" sizes=\"(max-width: 1024px) 100vw, 1024px\" \/><\/figure>\n\n\n\n<p>Weitere Informationen zu den aktuellen Angeboten findet ihr hier: <a href=\"https:\/\/www.mint-ec.de\/veranstaltungen\/?filter_zielgruppe_neu_6810=schueler&amp;filter__eventmonat_60840=august%2Cseptember%2Coktober%2Cnovember%2Cdezember\" target=\"_blank\" rel=\"noreferrer noopener\">https:\/\/www.mint-ec.de\/veranstaltungen\/?filter_zielgruppe_neu_6810=schueler&amp;filter__eventmonat_60840=august%2Cseptember%2Coktober%2Cnovember%2Cdezember<\/a><\/p>\n\n\n\n<p>Der n\u00e4chste Bewerbungszeitraum l\u00e4uft vom 01.06. bis 10.06.2026. Wenn ihr teilnehmen m\u00f6chtet, meldet euch bitte zus\u00e4tzlich fr\u00fchzeitig bei uns, damit gepr\u00fcft werden kann, ob eine Unterrichtsbefreiung m\u00f6glich ist.<\/p>\n\n\n\n<p><em>Roth<\/em><\/p>\n\n\n\n<div style=\"height:100px\" aria-hidden=\"true\" class=\"wp-block-spacer\"><\/div>\n\n\n\n<div data-wp-interactive=\"core\/file\" class=\"wp-block-file\"><object data-wp-bind--hidden=\"!state.hasPdfPreview\" hidden class=\"wp-block-file__embed\" data=\"https:\/\/www.couven-gymnasium.de\/wordpress2\/wp-content\/uploads\/2026\/04\/2.HJ-2026-MINT-EC-Camps-Poster-A4-Farbe.pdf\" type=\"application\/pdf\" style=\"width:100%;height:600px\" aria-label=\"Einbettung von 2.HJ-2026-MINT-EC-Camps-Poster-A4-Farbe.\"><\/object><a id=\"wp-block-file--media-277696a7-b831-4bd5-bac2-5697bf876744\" href=\"https:\/\/www.couven-gymnasium.de\/wordpress2\/wp-content\/uploads\/2026\/04\/2.HJ-2026-MINT-EC-Camps-Poster-A4-Farbe.pdf\">2.HJ-2026-MINT-EC-Camps-Poster-A4-Farbe<\/a><a href=\"https:\/\/www.couven-gymnasium.de\/wordpress2\/wp-content\/uploads\/2026\/04\/2.HJ-2026-MINT-EC-Camps-Poster-A4-Farbe.pdf\" class=\"wp-block-file__button wp-element-button\" download aria-describedby=\"wp-block-file--media-277696a7-b831-4bd5-bac2-5697bf876744\">Herunterladen<\/a><\/div>\n","protected":false},"featured_media":4200,"template":"","class_list":["post-10108","couven-board","type-couven-board","status-publish","has-post-thumbnail","hentry"],"acf":[],"uagb_featured_image_src":{"full":["https:\/\/www.couven-gymnasium.de\/wordpress2\/wp-content\/uploads\/2025\/01\/MINT-EC-SCHULE_Logo_Mitglied.jpg",768,508,false],"thumbnail":["https:\/\/www.couven-gymnasium.de\/wordpress2\/wp-content\/uploads\/2025\/01\/MINT-EC-SCHULE_Logo_Mitglied-150x150.jpg",150,150,true],"medium":["https:\/\/www.couven-gymnasium.de\/wordpress2\/wp-content\/uploads\/2025\/01\/MINT-EC-SCHULE_Logo_Mitglied-300x198.jpg",300,198,true],"medium_large":["https:\/\/www.couven-gymnasium.de\/wordpress2\/wp-content\/uploads\/2025\/01\/MINT-EC-SCHULE_Logo_Mitglied.jpg",768,508,false],"large":["https:\/\/www.couven-gymnasium.de\/wordpress2\/wp-content\/uploads\/2025\/01\/MINT-EC-SCHULE_Logo_Mitglied.jpg",768,508,false],"1536x1536":["https:\/\/www.couven-gymnasium.de\/wordpress2\/wp-content\/uploads\/2025\/01\/MINT-EC-SCHULE_Logo_Mitglied.jpg",768,508,false],"2048x2048":["https:\/\/www.couven-gymnasium.de\/wordpress2\/wp-content\/uploads\/2025\/01\/MINT-EC-SCHULE_Logo_Mitglied.jpg",768,508,false]},"uagb_author_info":{"display_name":"couvenlehrer-editor","author_link":"https:\/\/www.couven-gymnasium.de\/wordpress2\/author\/"},"uagb_comment_info":0,"uagb_excerpt":"Liebe Sch\u00fclerinnen und Sch\u00fcler, habt ihr Lust, euch intensiv mit spannenden MINT-Themen zu besch\u00e4ftigen, neue Leute kennenzulernen und dabei auch noch Einblicke in Studium und Forschung zu bekommen? Dann sind [&hellip;]","publishpress_future_workflow_manual_trigger":{"enabledWorkflows":[]},"_links":{"self":[{"href":"https:\/\/www.couven-gymnasium.de\/wordpress2\/wp-json\/wp\/v2\/couven-board\/10108","targetHints":{"allow":["GET"]}}],"collection":[{"href":"https:\/\/www.couven-gymnasium.de\/wordpress2\/wp-json\/wp\/v2\/couven-board"}],"about":[{"href":"https:\/\/www.couven-gymnasium.de\/wordpress2\/wp-json\/wp\/v2\/types\/couven-board"}],"wp:featuredmedia":[{"embeddable":true,"href":"https:\/\/www.couven-gymnasium.de\/wordpress2\/wp-json\/wp\/v2\/media\/4200"}],"wp:attachment":[{"href":"https:\/\/www.couven-gymnasium.de\/wordpress2\/wp-json\/wp\/v2\/media?parent=10108"}],"curies":[{"name":"wp","href":"https:\/\/api.w.org\/{rel}","templated":true}]}}

<p>Liebe Schülerinnen und Schüler,</p>



<p>habt ihr Lust, euch intensiv mit spannenden MINT-Themen zu beschäftigen, neue Leute kennenzulernen und dabei auch noch Einblicke in Studium und Forschung zu bekommen? Dann sind die mehrtägigen MINT-EC-Camps genau das Richtige für euch.</p>



<p>Unsere Schule ist Mitglied im nationalen <a href="http://mint-ec.de" target="_blank" rel="noreferrer noopener">MINT-EC-Schulnetzwerk</a>. Dadurch habt ihr die Möglichkeit, an diesen mehrtägigen Camps in ganz Deutschland teilzunehmen. Teilnehmen können Schülerinnen und Schüler ab 16 Jahren aus der Oberstufe. In der Vergangenheit haben Schülerinnen und Schüler unserer Schule sehr positiv von den Camps berichtet.</p>



<figure class="wp-block-image size-large"><img fetchpriority="high" decoding="async" width="1024" height="576" src="https://www.couven-gymnasium.de/wordpress2/wp-content/uploads/2026/04/2.HJ-2026-MINT-EC-Camps-Dashboard-Full-HD-1024x576.png" alt="" class="wp-image-10110" srcset="https://www.couven-gymnasium.de/wordpress2/wp-content/uploads/2026/04/2.HJ-2026-MINT-EC-Camps-Dashboard-Full-HD-1024x576.png 1024w, https://www.couven-gymnasium.de/wordpress2/wp-content/uploads/2026/04/2.HJ-2026-MINT-EC-Camps-Dashboard-Full-HD-300x169.png 300w, https://www.couven-gymnasium.de/wordpress2/wp-content/uploads/2026/04/2.HJ-2026-MINT-EC-Camps-Dashboard-Full-HD-768x432.png 768w, https://www.couven-gymnasium.de/wordpress2/wp-content/uploads/2026/04/2.HJ-2026-MINT-EC-Camps-Dashboard-Full-HD-1536x864.png 1536w, https://www.couven-gymnasium.de/wordpress2/wp-content/uploads/2026/04/2.HJ-2026-MINT-EC-Camps-Dashboard-Full-HD-2048x1152.png 2048w" sizes="(max-width: 1024px) 100vw, 1024px" /></figure>



<p>Weitere Informationen zu den aktuellen Angeboten findet ihr hier: <a href="https://www.mint-ec.de/veranstaltungen/?filter_zielgruppe_neu_6810=schueler&amp;filter__eventmonat_60840=august%2Cseptember%2Coktober%2Cnovember%2Cdezember" target="_blank" rel="noreferrer noopener">https://www.mint-ec.de/veranstaltungen/?filter_zielgruppe_neu_6810=schueler&amp;filter__eventmonat_60840=august%2Cseptember%2Coktober%2Cnovember%2Cdezember</a></p>



<p>Der nächste Bewerbungszeitraum läuft vom 01.06. bis 10.06.2026. Wenn ihr teilnehmen möchtet, meldet euch bitte zusätzlich frühzeitig bei uns, damit geprüft werden kann, ob eine Unterrichtsbefreiung möglich ist.</p>



<p><em>Roth</em></p>



<div style="height:100px" aria-hidden="true" class="wp-block-spacer"></div>



<div data-wp-interactive="core/file" class="wp-block-file"><object data-wp-bind--hidden="!state.hasPdfPreview" hidden class="wp-block-file__embed" data="https://www.couven-gymnasium.de/wordpress2/wp-content/uploads/2026/04/2.HJ-2026-MINT-EC-Camps-Poster-A4-Farbe.pdf" type="application/pdf" style="width:100%;height:600px" aria-label="Einbettung von 2.HJ-2026-MINT-EC-Camps-Poster-A4-Farbe."></object><a id="wp-block-file--media-277696a7-b831-4bd5-bac2-5697bf876744" href="https://www.couven-gymnasium.de/wordpress2/wp-content/uploads/2026/04/2.HJ-2026-MINT-EC-Camps-Poster-A4-Farbe.pdf">2.HJ-2026-MINT-EC-Camps-Poster-A4-Farbe</a><a href="https://www.couven-gymnasium.de/wordpress2/wp-content/uploads/2026/04/2.HJ-2026-MINT-EC-Camps-Poster-A4-Farbe.pdf" class="wp-block-file__button wp-element-button" download aria-describedby="wp-block-file--media-277696a7-b831-4bd5-bac2-5697bf876744">Herunterladen</a></div>

Liebe Schülerinnen und Schüler, habt ihr Lust, euch intensiv mit spannenden MINT-Themen zu beschäftigen, neue Leute kennenzulernen und dabei auch noch Einblicke in Studium und Forschung zu bekommen? Dann sind [&hellip;]
